 3, 14029
What are the prime factors of 418?
2, 11, 19
List the prime factors of 11448.
2, 3, 53
List the prime factors of 6700.
2, 5, 67
List the prime factors of 6670.
2, 5, 23, 29
What are the prime factors of 1857?
3, 619
What are the prime factors of 8745?
3, 5, 11, 53
List the prime factors of 492.
2, 3, 41
List the prime factors of 576.
2, 3
What are the prime factors of 43530?
2, 3, 5, 1451
List the prime factors of 29382.
2, 3, 59, 83
List the prime factors of 59839.
13, 4603
List the prime factors of 204.
2, 3, 17
List the prime factors of 2756.
2, 13, 53
List the prime factors of 22325.
5, 19, 47
List the prime factors of 1107.
3, 41
List the prime factors of 362.
2, 181
What are the prime factors of 686?
2, 7
List the prime factors of 7214.
2, 3607
List the prime factors of 2826.
2, 3, 157
List the prime factors of 383.
383
What are the prime factors of 2254?
2, 7, 23
List the prime factors of 27767.
27767
What are the prime factors of 74458?
2, 59, 631
List the prime factors of 1846.
2, 13, 71
List the prime factors of 3965.
5, 13, 61
What are the prime factors of 15733?
15733
List the prime factors of 8111.
8111
What are the prime factors of 3530?
2, 5, 353
What are the prime factors of 18467?
59, 313
What are the prime factors of 22?
2, 11
List the prime factors of 2911.
41, 71
List the prime factors of 73718.
2, 29, 31, 41
List the prime factors of 2908.
2, 727
What are the prime factors of 30465?
3, 5, 677
What are the prime factors of 67780?
2, 5, 3389
What are the prime factors of 19623?
3, 31, 211
List the prime factors of 2507.
23, 109
List the prime factors of 195.
3, 5, 13
List the prime factors of 12676.
2, 3169
What are the prime factors of 11088?
2, 3, 7, 11
List the prime factors of 7540.
2, 5, 13, 29
List the prime factors of 14828.
2, 11, 337
List the prime factors of 2476.
2, 619
List the prime factors of 99361.
67, 1483
List the prime factors of 11374.
2, 11, 47
List the prime factors of 548.
2, 137
What are the prime factors of 31824?
2, 3, 13, 17
List the prime factors of 527.
17, 31
What are the prime factors of 76295?
5, 15259
List the prime factors of 29404.
2, 7351
List the prime factors of 3622.
2, 1811
What are the prime factors of 6641?
29, 229
What are the prime factors of 4494?
2, 3, 7, 107
List the prime factors of 161.
7, 23
List the prime factors of 22283.
22283
What are the prime factors of 8579?
23, 373
What are the prime factors of 1595?
5, 11, 29
List the prime factors of 1286.
2, 643
List the prime factors of 1252.
2, 313
List the prime factors of 2536.
2, 317
What are the prime factors of 9450?
2, 3, 5, 7
What are the prime factors of 6380?
2, 5, 11, 29
What are the prime factors of 1862?
2, 7, 19
What are the prime factors of 108199?
7, 13, 29, 41
What are the prime factors of 508?
2, 127
List the prime factors of 10089.
3, 19, 59
List the prime factors of 13095.
3, 5, 97
What are the prime factors of 24309?
3, 37, 73
List the prime factors of 405.
3, 5
List the prime factors of 6070.
2, 5, 607
List the prime factors of 92905.
5, 17, 1093
What are the prime factors of 272?
2, 17
What are the prime factors of 1643?
31, 53
What are the prime factors of 51252?
2, 3, 4271
What are the prime factors of 104123?
104123
What are the prime factors of 48333?
3, 16111
List the prime factors of 446.
2, 223
What are the prime factors of 3811?
37, 103
What are the prime factors of 12738?
2, 3, 11, 193
What are the prime factors of 3179?
11, 17
List the prime factors of 7855.
5, 1571
List the prime factors of 9297.
3, 1033
List the prime factors of 35687.
127, 281
List the prime factors of 6642.
2, 3, 41
What are the prime factors of 9035?
5, 13, 139
List the prime factors of 2211.
3, 11, 67
What are the prime factors of 942?
2, 3, 157
List the prime factors of 43093.
43093
What are the prime factors of 23855?
5, 13, 367
List the prime factors of 19886.
2, 61, 163
What are the prime factors of 798?
2, 3, 7, 19
List the prime factors of 512.
2
List the prime factors of 9249.
3, 3083
What are the prime factors of 2801?
2801
What are the prime factors of 979?
11, 89
What are the prime factors of 53995?
5, 10799
List the prime factors of 13033.
13033
What are the prime factors of 29833?
29833
List the prime factors of 12998.
2, 67, 97
What are the prime factors of 27544?
2, 11, 313
What are the prime factors of 4689?
3, 521
What are the prime factors of 3700?
2, 5, 37
What are the prime factors of 664?
2, 83
What are the prime factors of 44073?
3, 59, 83
What are the prime factors of 123182?
2, 17, 3623
What are the prime factors of 933?
3, 311
List the prime factors of 9395.
5, 1879
What are the prime factors of 14987?
7, 2141
What are the prime factors of 955?
5, 191
What are the prime factors of 1030?
2, 5, 103
What are the prime factors of 393?
3, 131
List the prime factors of 1031.
1031
What are the prime factors of 529?
23
List the prime factors of 17006.
2, 11, 773
What are the prime factors of 28294?
2, 7, 43, 47
List the prime factors of 12659.
12659
What are the prime factors of 915?
3, 5, 61
What are the prime factors of 57442?
2, 7, 11, 373
List the prime factors of 396.
2, 3, 11
What are the prime factors of 1875?
3, 5
What are the prime factors of 7696?
2, 13, 37
What are the prime factors of 20361?
3, 11, 617
List the prime factors of 1924.
2, 13, 37
What are the prime factors of 31085?
5, 6217
List the prime factors of 581.
7, 83
List the prime factors of 51700.
2, 5, 11, 47
List the prime factors of 41766.
2, 3, 6961
What are the prime factors of 16544?
2, 11, 47
What are the prime factors of 12208?
2, 7, 109
What are the prime factors of 2009?
7, 41
List the prime factors of 11516.
2, 2879
List the prime factors of 677.
677
List the prime factors of 2435.
5, 487
List the prime factors of 19203.
3, 37, 173
List the prime factors of 23239.
17, 1367
What are the prime factors of 148794?
2, 3, 24799
What are the prime factors of 1789?
1789
List the prime factors of 127.
127
What are the prime factors of 12959?
12959
What are the prime factors of 1119?
3, 373
List the prime factors of 942.
2, 3, 157
What are the prime factors of 901?
17, 53
List the prime factors of 79438.
2, 39719
List the prime factors of 557.
557
List the prime factors of 8116.
2, 2029
What are the prime factors of 735?
3, 5, 7
List the prime factors of 708.
2, 3, 59
What are the prime factors of 38009?
191, 199
What are the prime factors of 20273?
11, 19, 97
List the prime factors of 205.
5, 41
List the prime factors of 69603.
3, 23201
What are the prime factors of 9007?
9007
List the prime factors of 6031.
37, 163
What are the prime factors of 2266?
2, 11, 103
What are the prime factors of 50207?
50207
What are the prime factors of 6610?
2, 5, 661
What are the prime factors of 2232?
2, 3, 31
List the prime factors of 19542.
2, 3, 3257
What are the prime factors of 119304?
2, 3, 1657
What are the prime factors of 64275?
3, 5, 857
What are the prime factors of 20347?
20347
What are the prime factors of 47144?
2, 71, 83
What are the prime factors of 26300?
2, 5, 263
List the prime factors of 5932.
2, 1483
List the prime factors of 43537.
13, 17, 197
What are the prime factors of 18545?
5, 3709
What are the prime factors of 1465?
5, 293
List the prime factors of 12.
2, 3
List the prime factors of 11240.
2, 5, 281
List the prime factors of 2035.
5, 11, 37
What are the prime factors of 3560?
2, 5, 89
What are the prime factors of 861?
3, 7, 41
List the prime factors of 17328.
2, 3, 19
List the prime factors of 599.
599
List the prime factors of 12845.
5, 7, 367
What are the prime factors of 2713?
2713
What are the prime factors of 8872?
2, 1109
What are the prime factors of 8466?
2, 3, 17, 83
List the prime factors of 667.
23, 29
What are the prime factors of 424?
2, 53
What are the prime factors of 259?
7, 37
List the prime factors of 879.
3, 293
What are the prime factors of 5324?
2, 11
List the prime factors of 1617.
3, 7, 11
What are the prime factors of 32455?
5, 6491
List the prime factors of 26741.
11, 13, 17
List the prime factors of 14457.
3, 61, 79
What are the prime factors of 33150?
2, 3, 5, 13, 17
What are the prime factors of 528?
2, 3, 11
What are the prime factors of 12719?
7, 23, 79
List the prime factors of 46